culate the greatest common divisor of 34 and g.
34
Suppose -10*w - 14*w = -168. Suppose w*z = -13*z + 160. Let o be (-2)/(-10) - 395/(-25). Calculate the highest common divisor of o and z.
8
Let c be 7 + (6 - 4) - (-2 + -1). Suppose 3*s + c = 5*s. Let f(i) = 10*i - 35. Let k be f(s). What is the greatest common divisor of 75 and k?
25
Suppose -59*n + 25393 = -55*n + 5*g, g = -2*n + 12689. What is the greatest common divisor of n and 7?
7
Suppose 20 = 5*s, 0*m + 4*m - 756 = -2*s. Calculate the greatest common divisor of 352 and m.
11
Let t(w) = -53*w - 52. Let n be t(6). Let y = n - -442. Calculate the greatest common factor of 63 and y.
9
Let r(y) = y**3 - 16*y**2 + 7*y + 11. Let c be r(18). What is the highest common divisor of c and 5?
5
Suppose 0 = a + 5, -5*a - 19 = 2*p - 2. Suppose 7*q - 191 + 14 = 75. Calculate the highest common divisor of q and p.
4
Suppose -87*o = -27*o - 262440. What is the highest common divisor of o and 36?
18
Let z(b) = -269*b - 352. Let k be z(-2). Calculate the greatest common divisor of k and 992.
62
Suppose 15214 = 39*s + 4258 - 7608. Calculate the greatest common divisor of s and 196.
28
Let h(c) = 2*c**2 + 56*c + 1008. Let q be h(-53). What is the highest common factor of 62 and q?
62
Suppose -8*q + 6*q = -6. Suppose -5*s + q*c = 2*c - 74, -4*s + 3*c + 68 = 0. Let v(n) = -n + 15. Let d be v(s). What is the greatest common factor of d and 7?
1
Let r be (-12456)/(-63) - 4/(-14). Let q = 8955 + -8911. Calculate the greatest common divisor of q and r.
22
Suppose -r = -5*q - 6, 2*r - q = -0*q + 39. Suppose 10*h - 69 = r. Suppose -x + 151 = -5*n + 55, 2*x - 171 = 3*n. What is the greatest common factor of x and h?
9
Let p(w) = w**2 + 7*w + 7. Let x be p(-6). Suppose 4*f = 3*n + 28, -f - 4*n = x + 11. Let q be (-2 - (-30)/3) + f. What is the highest common factor of q and 6?
6
Suppose 14*y - 14*y - 525 = -25*y. What is the highest common divisor of 33 and y?
3
Let k(n) = -n**3 - 54*n**2 + 48*n + 181. Let z be k(-55). What is the greatest common divisor of 2 and z?
2
Suppose 0 = 16*u - 11*u - 1385. Let r = -152 + u. Let t = 84 + r. Calculate the highest common divisor of 19 and t.
19
Let t be 8*133*(-7)/(-196). Calculate the highest common factor of t and 10.
2
Let x be 202/(-7 + (-5)/(-1)). Let n = x + 255. Calculate the greatest common divisor of n and 42.
14
Let j be (-30)/((-1620)/2079) - 3/6*-5. What is the highest common divisor of j and 28946?
41
Suppose -5*b + z + 34 = 0, b + 3*z + 6 = -0. Let l(h) = -7*h**3 + 8*h**3 - 14*h + 11*h - b*h**2. Let x be l(7). What is the greatest common divisor of 14 and x?
14
Let b be (4/(-6))/((-13)/468). Let u(x) = -2*x - 11 + 13*x**2 - x**3 - 8 + b*x + 0*x. Let f be u(14). What is the greatest common factor of f and 31?
31
Suppose 2*t = 3*l - 5461, -4*l + 43*t + 7278 = 42*t. Calculate the greatest common divisor of l and 459.
17
Suppose -5*t - 33876 = -7*t + 4*p, 9 = -3*p. Calculate the greatest common divisor of t and 166.
166
Let n be (324/(-9))/9 + 7. Suppose 5*u + 4 = 14. Suppose -6 = c + n*k - u, 2*k = -6. What is the highest common factor of 55 and c?
5
Suppose -k - u + 68 = -7*u, 5*k = -5*u + 165. Calculate the greatest common divisor of 1767 and k.
19
Suppose -5*g - u + 2962 = 0, 3*g - 6*u - 274 = 1490. Calculate the highest common divisor of g and 7400.
296
Let l be -3*(-3)/((-54)/(-12)). Suppose 5*d - l*d = 135. Calculate the highest common factor of d and 18.
9
Let a(k) = 10*k**2 + 60*k - 12. Let m be a(-8). What is the greatest common factor of 1628 and m?
148
Suppose -324 = -b - 2*m, 2*b - 2*m + 0*m = 624. Suppose -19*n = -b - 140. What is the greatest common divisor of 336 and n?
24
Suppose 2*a = -5*g + 44, 5*g - 36 = 2*g + 2*a. Let l be (4/(-6) + 1)/(9/351). Let p = l + 7. What is the highest common factor of g and p?
10
Let k = 4082 - 3096. What is the greatest common factor of 87 and k?
29
Suppose 4*d = 5*d + 6. Let o(c) = -12*c - 69. Let y(q) = 4*q + 24. Let m(b) = 6*o(b) + 17*y(b). Let l be m(d). Calculate the greatest common factor of l and 9.
9
Suppose 5*l - 11 = 3*r, -2*l - r = 3*l - 3. Let v(o) = 2*o + 12. Let k be v(l). What is the greatest common factor of 21 and k?
7
Suppose -7*f = -2 + 72. Let a(c) = -c**2 - 13*c - 23. Let o be a(f). Suppose -4*r + o*r - 648 = 0. Calculate the highest common factor of 24 and r.
24
Suppose 4*i - 2884 = 2*g, 8*i = 10*i + 2*g - 1430. Suppose 4*w = i + 29. Calculate the highest common factor of 55 and w.
11
Let t = -30198 - -30204. Let n(l) = 4*l - 8. Let f(o) = -3*o + 8. Let k(a) = 3*f(a) + 2*n(a). Let c be k(0). What is the highest common factor of c and t?
2
Suppose -3*n + 2*f + 101 - 15 = 0, -83 = -2*n + 5*f. What is the greatest common divisor of 3378 and n?
6
Let f = -57 + 120. Let o = -13508 - -13529. What is the greatest common divisor of o and f?
21
Let l be (7*(1075/35 - -7))/1. What is the greatest common divisor of 1452 and l?
132
Let x be (665 - -1) + (-2 - -3). Let k = x + -429. Let a = k + -139. Calculate the highest common divisor of a and 9.
9
Suppose 58*o - 61*o = -1659. Calculate the greatest common divisor of 7 and o.
7
Suppose 5*b + 2606 = -1489. Let g = -713 - b. Calculate the greatest common divisor of g and 4.
2
Suppose 0 = -6*n + 2*n - 12. Let u(z) = 43*z - 756. Let j be u(18). Let r = j - n. What is the highest common divisor of 189 and r?
21
Suppose 0 = 5*g + 2 - 12. Let v(j) be the third derivative of 11*j**4/12 - j**3 + 6*j**2. Let c be v(g). What is the greatest common factor of c and 95?
19
Let d be 33*(-10)/(-15) - -2. Let v be ((-14)/(-126)*-84)/(2/(-9)). What is the highest common factor of d and v?
6
Let m(f) = f**3 - 11*f**2 - 2. Let w be m(11). Let h be (6/15)/(w/(-40)). Suppose -2*k + h = 4. What is the highest common factor of 6 and k?
2
Suppose -127*s + 2695 = 44*s - 19193. What is the greatest common divisor of 76928 and s?
128
Let d(s) = s**2 - 64*s - 164. Let x be d(-38). What is the highest common factor of x and 116?
116
Let i be 2 - ((-4392)/54 + ((-24)/9)/4). What is the greatest common factor of 372 and i?
12
Let f be 2/(-16) - ((-2010)/80 + 1). What is the greatest common factor of 248 and f?
8
Let r be 6/5*(-40)/(-3). Suppose 16*l = 12*l - f, -3*l = f. Suppose 2*v - 3*h - 76 = l, 5*h = 4*v - 134 - 14. What is the greatest common factor of v and r?
16
Let t = 4294 - 4012. What is the highest common divisor of t and 84?
6
Let r = 13307 + -13271. What is the highest common divisor of 10 and r?
2
Suppose 0 = -415*w + 27089379 - 6925774. Calculate the highest common factor of w and 77.
77
Let z = -14 + 19. Suppose -2*d + 0*j + 20 = -2*j, -z*d = j - 32. Let i(h) = h**2 - 7*h + 6. Let w be i(8). What is the highest common divisor of w and d?
7
Suppose x - m - 3 = -x, m = -x + 6. Let w be 854/6*(-112 + 7 - x). Let s be 2/7 + w/(-49) + -2. What is the highest common factor of s and 39?
39
Let u = -41467 + 60019. Calculate the greatest common factor of u and 12.
12
Suppose -15*p + 116 + 89 = 55. What is the greatest common divisor of 4645 and p?
5
Let w(j) be the first derivative of 7*j**2/2 + 146*j - 13. Let o be w(37). What is the highest common factor of 15 and o?
15
Let g = 1634 - 706. Let o = 951 - g. What is the greatest common divisor of 437 and o?
23
Let l be 16/(-10) - (-17 + (-19866)/110). Calculate the greatest common divisor of l and 644.
28
Let h(c) = c**3 - 4*c**2 + 3*c. Let a be h(2). Let b be 7 - (3 - 1 - a). Let k be -3 + (12/1 - b). What is the highest common factor of 30 and k?
6
Let k be 5 + 86 + 0 + (3 - 3)/(-3). Calculate the highest common factor of k and 611.
13
Let q(m) = -50*m**2 + m - 3. Let o be q(2). Let g = o - -219. Calculate the greatest common factor of g and 144.
18
Let b = 98 - 95. Suppose 0 = -4*c + c + b*w + 15, 5*c - 3*w = 35. Calculate the greatest common divisor of c and 10.
10
Let s = -211 + 211. Suppose 5*p - 235 - 350 = s. What is the greatest common factor of 9 and p?
9
Let l be -20 + (24 - -20) + 1*-6. Calculate the highest common factor of l and 117.
9
Let s = 2050 - 2044. What is the highest common divisor of s and 237?
3
Suppose -2*c = 5*a - 998 - 1282, 3*a - 4*c = 1368. Let i be 388/16 - 3/12. Calculate the highest common factor of i and a.
24
Suppose 63*n = 47*n - 5040. Let f = n - -351. What is the greatest common divisor of